ase 5?
-23313
101322 (base 4) to base 14
5bc
101532 (base 7) to base 9
25803
What is -60313 (base 7) in base 3?
-201222101
What is 302320 (base 4) in base 3?
11110121
Convert 1428 (base 11) to base 2.
11100110101
Convert 126502 (base 8) to base 6.
541202
1716 (base 10) to base 5
23331
1b00 (base 13) to base 12
2420
Convert 37346 (base 11) to base 15.
10d6d
Convert 16002 (base 8) to base 6.
53110
Convert -1433330 (base 5) to base 11.
-20986
-409 (base 11) to base 3
-200021
Convert 239 (base 12) to base 14.
19b
-57 (base 12) to base 3
-2111
Convert -1c81 (base 13) to base 16.
-10ea
a233 (base 13) to base 8
53516
-6263 (base 9) to base 7
-16251
What is 5d60 (base 16) in base 12?
11a00
What is -1560 (base 7) in base 15?
-2c0
What is -157 (base 8) in base 13?
-87
Convert 110010110111110 (base 2) to base 14.
96c6
Convert 115104 (base 6) to base 13.
4840
-6654 (base 8) to base 6
-24112
2533 (base 13) to base 10
5281
What is 8e9 (base 16) in base 14?
b8d
What is 13222 (base 6) in base 7?
5630
What is 20221 (base 3) in base 4?
2323
What is 1327 (base 16) in base 10?
4903
What is 101011110 (base 2) in base 7?
1010
-12880 (base 9) to base 8
-21043
-1201110002 (base 3) to base 10
-33860
-355204 (base 6) to base 5
-1442324
What is 207 (base 13) in base 8?
531
Convert 2fa9 (base 16) to base 10.
12201
What is -3b72 (base 14) in base 9?
-15343
Convert -4162 (base 7) to base 11.
-1112
Convert 1758 (base 13) to base 3.
11201220
What is -186d9 (base 14) in base 12?
-2b887
What is 20011020 (base 3) in base 15?
14e3
What is 3351 (base 9) in base 10?
2476
What is 15d9 (base 14) in base 9?
5330
Convert -c63 (base 15) to base 8.
-5351
Convert 1097 (base 13) to base 2.
100100010001
What is 24179 (base 11) in base 2?
1000011111111101
What is 8689 (base 10) in base 7?
34222
-14266 (base 7) to base 2
-111101001111
Convert 100001101 (base 2) to base 7.
533
-33010 (base 6) to base 9
-6206
What is -2011110 (base 4) in base 14?
-3176
What is 1130c (base 15) in base 6?
1101103
600 (base 14) to base 5
14201
Convert -193 (base 15) to base 9.
-443
What is 220012 (base 4) in base 13?
1225
11100011010 (base 2) to base 4
130122
What is 542 (base 11) in base 15?
2d6
-3610 (base 8) to base 15
-888
What is 922 (base 11) in base 3?
1112020
Convert -101000011011100 (base 2) to base 3.
-1001101200
Convert -3640 (base 8) to base 12.
-1168
What is -3214 (base 6) in base 12?
-50a
Convert -10de (base 15) to base 4.
-320000
269 (base 16) to base 15
2b2
-ad (base 16) to base 14
-c5
24d (base 14) to base 8
715
406 (base 8) to base 12
19a
What is -120102 (base 3) in base 16?
-1a0
What is -2020 (base 3) in base 11?
-55
-1941 (base 11) to base 13
-1178
Convert 113 (base 9) to base 8.
135
-216 (base 10) to base 9
-260
Convert -211300 (base 4) to base 6.
-15104
-32303233 (base 4) to base 12
-2b127
Convert 111101001100 (base 2) to base 10.
3916
12021 (base 3) to base 16
8e
Convert -1010 (base 7) to base 11.
-299
-503 (base 10) to base 7
-1316
What is -132243 (base 5) in base 15?
-189d
What is 30031 (base 4) in base 2?
1100001101
595 (base 15) to base 14
665
-2403 (base 9) to base 12
-1049
Convert -1ba7 (base 16) to base 15.
-216e
1621 (base 9) to base 8
2322
What is -1111100 (base 3) in base 13?
-65a
100010110010100 (base 2) to base 15
5427
Convert -101011010010 (base 2) to base 10.
-2770
What is -10001001000 (base 2) in base 9?
-1447
What is -2201200001 (base 3) in base 6?
-1052344
What is 24342 (base 5) in base 4?
130313
What is 2e19 (base 15) in base 3?
111121120
Convert -62d (base 14) to base 7.
-3356
-3553 (base 9) to base 5
-41030
What is 109 (base 14) in base 7?
412
-49c1 (base 13) to base 14
-3b58
1c9 (base 14) to base 12
271
1280 (base 10) to base 7
3506
-111011010101111 (base 2) to base 16
-76af
What is 260c (base 14) in base 11?
501a
Convert 1221 (base 7) to base 6.
2040
What is -67b (base 13) in base 11?
-925
Convert 1167 (base 9) to base 16.
367
211120 (base 3) to base 9
746
What is 525340 (base 6) in base 4?
22122330
What is 22a2 (base 15) in base 14?
2972
Convert 1120 (base 11) to base 8.
2702
-18a3 (base 11) to base 13
-1137
-200020012 (base 3) to base 4
-3033221
Convert -2777 (base 11) to base 10.
-3593
5636 (base 8) to base 13
147a
1000211 (base 3) to base 11
623
Convert 33240 (base 7) to base 9.
12416
Convert 990 (base 11) to base 7.
3315
-33105 (base 7) to base 15
-26c6
20233 (base 7) to base 4
1030330
What is 11511 (base 6) in base 8?
3243
Convert -608 (base 11) to base 16.
-2de
What is -12103210 (base 4) in base 10?
-25828
What is -41211 (base 6) in base 3?
-21111221
Convert 215 (base 11) to base 2.
100000010
-3715 (base 8) to base 12
-11a5
508 (base 16) to base 8
2410
What is 17b2 (base 13) in base 16?
dc5
What is -1a2 (base 11) in base 15?
-108
Convert c723 (base 14) to base 7.
202043
Convert 103132 (base 4) to base 12.
87a
What is 416 (base 11) in base 10?
501
Convert -115 (base 14) to base 8.
-327
Convert -10011000100101 (base 2) to base 11.
-7378
Convert 285 (base 13) to base 14.
23d
What is -5457 (base 8) in base 9?
-3831
What is -25220 (base 6) in base 4?
-322230
130 (base 12) to base 9
220
-b77 (base 15) to base 6
-15551
2577 (base 8) to base 5
21112
What is 1101550 (base 6) in base 8?
153112
What is 373d (base 16) in base 10?
14141
Convert 3271 (base 10) to base 11.
2504
Convert 18995 (base 12) to base 16.
8c81
Convert -1014 (base 12) to base 6.
-12024
Convert -1a20 (base 13) to base 10.
-3913
-46702 (base 11) to base 6
-1240011
-426a (base 15) to base 10
-14050
1110011001 (base 2) to base 14
49b
What is 4030 (base 5) in base 13?
308
10312 (base 5) to base 2
1011000011
Convert -12121 (base 5) to base 16.
-38f
What is 5408 (base 13) in base 12?
6905
Convert -1b071 (base 12) to base 4.
-21232111
Convert -72002 (base 8) to base 16.
-7402
Convert -271 (base 15) to base 16.
-22c
-11111111010000 (base 2) to base 12
-9554
2802 (base 9) to base 16
83c
What is 4290 (base 12) in base 3?
101000200
1277 (base 10) to base 2
10011111101
-25b5 (base 13) to base 7
-21464
What is 17604 (base 8) in base 9?
12054
What is -1002111 (base 3) in base 14?
-40c
Convert -30221 (base 10) to base 3.
-1112110022
10111111011 (base 2) to base 16
5fb
What is 1d0 (base 16) in base 15?
20e
305544 (base 6) to base 9
36681
What is 2357 (base 8) in base 5?
20023
-5261 (base 7) to base 4
-131000
Convert 1011221022 (base 3) to base 11.
16546
-131 (base 11) to base 14
-b1
What is 1101110000010 (base 2) in base 8?
15602
12027 (base 8) to base 6
35451
What is 12552 (base 7) in base 11?
2593
Convert -52604 (base 7) to base 2.
-11001010111101
-25a7 (base 11) to base 13
-1704
2202103 (base 5) to base 7
215066
22e (base 16) to base 8
1056
-3123 (base 6) to base 7
-2016
What is 1270 (base 8) in base 14?
37a
Convert 31b3 (base 12) to base 14.
1dc3
Convert -b7d7 (base 14) to base 4.
-13300001
Convert -49199 (base 10) to base 6.
-1015435
What is 450 (base 13) in base 12?
519
Convert 1000000100000 (base 2) to base 4.
1000200
125 (base 11) to base 12
104
Convert 56a (base 13) to base 5.
12213
-6a83 (base 13) to base 9
-22483
What is -21c1 (base 13) in base 12?
-2894
What is -116520 (base 7) in base 14?
-7bb7
What is 3206 (base 12) in base 14?
1dd4
47146 (base 10) to base 7
254311
What is -405 (base 10) in base 7?
-1116
What is c8eb (base 15) in base 14?
116d3
-1100011001101 (base 2) to base 16
-18cd
Convert c6 (base 16) to base 8.
306
Convert -5b4 (base 15) to base 16.
-50e
-780 (base 10) to base 6
-3340
Convert -21525 (base 6) to base 5.
-44010
What is 2111 (base 4) in base 8?
225
Convert -3022111 (base 4) to base 12.
-75b1
11001122 (base 4) to base 2
101000001011010
41 (base 12) to base 3
1211
Convert 44400 (base 8) to base 4.
10210000
Convert 131022 (base 4) to base 5.
24431
-5880 (base 11) to base 2
-1111000011111
What is -4d64 (base 14) in base 8?
-32454
Convert 110010 (base 3) to base 5.
2302
Convert -11644 (base 9) to base 11.
-5966
Convert -164ad (base 14) to base 3.
-2211120022
What is -22010121 (base 3) in base 15?
-1b54
Convert -4142 (base 6) to base 11.
-772
What is -36 (base 15) in base 4?
-303
What is 2900 (base 11) in base 8?
7247
Convert -2302 (base 5) to base 12.
-233
What is -10000100111010 (base 2) in base 15?
-27c1
9951 (base 16) to base 5
2223444
What is -3372 (base 10) in base 12?
-1b50
What is